me?
False
Suppose 0 = -3*h - 729 + 3120. Is h composite?
False
Suppose 649 = 5*t - 5646. Is t prime?
True
Suppose 5*x = 34 + 1. Let s = x + 15. Is s a prime number?
False
Let q be ((-16)/(-10) + -2)*-40. Let u = -3 + q. Is u a prime number?
True
Suppose 214 = 2*q - 2020. Is q a composite number?
False
Let u(a) = a**3 - 3*a**2 + a - 3. Let q be u(3). Suppose -5*r + 5 + 10 = q. Is r prime?
True
Suppose 0*v + v - 134 = 0. Suppose 0 = -3*t - 5*g + 223, -v = -2*t + g + 3*g. Is t a prime number?
True
Suppose 0 = -4*l + 1441 + 1695. Let n = l + -545. Is n a composite number?
False
Let c = 19 - 21. Is 129 - 4*(-1)/c prime?
True
Let a(s) = -40*s**2 - 7*s + s**3 - 43*s**2 + 88*s**2. Suppose -3*c - 16 + 1 = 0. Is a(c) prime?
False
Is (-5)/(-1)*8481/165 composite?
False
Let h(n) be the second derivative of -n**5/10 - n**4/6 + n**3/6 + n**2 + 2*n. Suppose 0 = -5*o + 2*a - 17, -2*a = -2*o + 3*a - 11. Is h(o) a composite number?
True
Suppose 2 = -4*v - 2, 2*q = 5*v + 41. Let g = -26 + q. Let h(a) = a**2 - 9*a - 9. Is h(g) a prime number?
True
Let v(z) = -6*z**3 - z**2 - 4. Is v(-3) composite?
False
Suppose 7 = -3*k + 22. Suppose -d - 2*o = -0*d - 55, -4*o = k*d - 281. Let g = 128 + d. Is g a composite number?
True
Suppose 7*c - 117 = 4*c. Is c a composite number?
True
Is (2/1)/(-4)*(-8787 - -5) a prime number?
True
Let h(m) = 15*m**2 - 2. Let a be h(-6). Suppose 2*s - 238 = 2*l, 4*s - a + 70 = 2*l. Is s prime?
False
Let w(o) = 11*o**2 + 2*o**2 - 5*o**2 + o. Let m be w(1). Let c = m + -2. Is c a prime number?
True
Suppose 0 = z - 1, -2*a + 8*z + 2382 = 4*z. Is a a composite number?
False
Suppose 5*f = 14 + 6. Suppose 2*h - b - 2 = f, -4 = -2*b. Suppose h*n + 118 = 4*p - 130, -3*p + 2*n = -191. Is p a composite number?
False
Suppose -j = 2*j - 1689. Is j a composite number?
False
Suppose -98 = -3*v + v. Let t = 44 + v. Is t a composite number?
True
Let p be 4/14 + 24/14. Suppose 3*j - 7*j + 372 = -d, -p*d = 5*j - 478. Is j a prime number?
False
Suppose -2*i + q = -1, -4*q - 5 = 2*i + 19. Let c(o) = 2*o**2 + 2*o - 2. Let p be c(i). Suppose 67 = -a + p*a. Is a prime?
True
Suppose 4 = -4*o - 4*p - 4, -o + 14 = -3*p. Let i be o/(-12) + 4650/36. Suppose -4*l = -i - 83. Is l composite?
False
Let l = 416 + -281. Suppose -43 - l = -2*r. Is r a composite number?
False
Is 4*((-447)/(-12) - 4) a prime number?
False
Suppose 5*k + 10136 = 13*k. Is k composite?
True
Suppose 31 = 2*b - 583. Is b a composite number?
False
Is 12235/15 + 2/(-3) prime?
False
Let g(q) = -q + 31. Is g(9) prime?
False
Is ((-742)/4)/((7/2)/(-7)) a prime number?
False
Let p(v) = 7 + 6*v - 52*v + 4 + 3*v. Is p(-8) composite?
True
Let h(c) = c**3 + 4*c**2 + 3*c. Let b be h(-3). Suppose 40 = 2*o + f, 0*o - 2*o - 2*f + 38 = b. Is o composite?
True
Suppose -j + 5489 = 4*k, -6*j + 3*j = -3*k + 4098. Is k composite?
True
Let c(l) = 8*l**2 - 4*l. Let u be c(4). Let d = u - 55. Is d a prime number?
False
Suppose -3*q = -0*q - 7359. Is q prime?
False
Is (-6072)/8*(-2)/6 composite?
True
Let n(w) = 6*w**2 + 7*w + 3. Let m(b) = -5*b**2 - 6*b - 3. Let x(z) = -3*m(z) - 2*n(z). Is x(-10) prime?
True
Let k(s) = 4418*s + 3. Is k(1) prime?
True
Let r = -85 - -47. Let h = 131 + r. Is h a composite number?
True
Suppose -5*h + 13 + 17 = 0. Suppose h*y - y - 1175 = 0. Is y a composite number?
True
Let l(s) = -s**2 - 5. Let b be l(0). Is 58 + (-3 - b) - 1 a composite number?
False
Suppose -15451 = -2*h + i, 3*i = -11 - 4. Is h a composite number?
False
Let o = 131 + -48. Is (-1 - -2)*(-1 + o) a composite number?
True
Let g = 17 + -17. Suppose 0 = 2*s - g*s - 102. Is s prime?
False
Suppose -2*q + 344 = 3*j - 0*q, -4*j = q - 452. Let d(y) = -21*y**3 + 3*y**2 + y + 1. Let u be d(-2). Let t = u - j. Is t a prime number?
True
Suppose u + 14 = -3*u + 2*t, -2*u - 5 = t. Let v = u + 3. Suppose -q = -v*q - 11. Is q prime?
True
Let x(z) = -z**2 + 14*z - 1. Let k(b) = -b**2 - 7*b - 4. Let l be k(-5). Is x(l) composite?
False
Let f be (-32)/(-2 + (-9)/(-6)). Suppose -5*s - 9 = -f. Is (-6 + 9)*s/3 a composite number?
False
Let m(o) = -13*o - 1. Let b be m(-1). Suppose -4*r + 8*r = b. Suppose v - r = 3. Is v prime?
False
Suppose 4*n + 16 = 40. Suppose -2*s - 424 = -n*s. Is s a prime number?
False
Let b(q) = 2*q + 9. Is b(8) composite?
True
Let b be (-47)/(-1) + 0/8. Suppose -2*m + b = -23. Is m composite?
True
Let m = 252 - 130. Is m composite?
True
Let w(s) = 3*s + 47. Let b(o) = 7*o + 94. Let j(q) = -2*b(q) + 5*w(q). Let f = -5 + 5. Is j(f) composite?
False
Let a be 2/(-5) - 14/(-10). Let z be a + 0 + -1 + 5. Let b(j) = j**3 - 5*j**2 + 8*j - 5. Is b(z) a prime number?
False
Let a = -101 + 220. Is a a composite number?
True
Let j(p) = -p**2 + 5*p + 4. Let l be j(4). Let q(c) = 2*c**2 - 7*c + 17. Is q(l) a prime number?
True
Suppose 4*x - 10 = 2. Is (356*x/6)/2 prime?
True
Let o(p) = 46*p - 5. Let f(l) = -31*l + 3. Let i be -10 + 1 + 2 + 0. Let y(w) = i*f(w) - 5*o(w). Is y(-3) prime?
True
Suppose q - 78 = 105. Is q composite?
True
Let j(x) = -x - 3. Let p be j(-6). Let q = p - 1. Suppose -26 = q*o - 4*o. Is o composite?
False
Let v be (0/(-4) - 14)*62. Let h = v - -1247. Is h prime?
True
Let r be 4/(-14) - 116/(-14). Let t(o) = -2*o**2 - 7*o + 2. Let y(b) = 6*b**2 + 22*b - 7. Let i(c) = 8*t(c) + 3*y(c). Is i(r) composite?
True
Let d(v) = 43*v + 26. Is d(11) a composite number?
False
Let i be (-88)/(-3) + (-6)/(-9). Let p = 17 - i. Is 0 - (p + (-2)/2) composite?
True
Let s = 710 - -689. Is s a prime number?
True
Let t(w) = -w + 19. Let d = 8 + -4. Suppose 0 = -4*a + a + 5*f, -4*a + d*f = 0. Is t(a) a prime number?
True
Suppose 2*b + 2 = -3*j, 0 = 5*j + 2*b + 2*b + 6. Suppose -3*s = j*s + 125. Let f = 6 - s. Is f prime?
True
Suppose -u = -22 - 25. Let w be -3*1*(0 - 1). Suppose 4*m - u = w*m. Is m a prime number?
True
Let x be (134/4)/((-1)/(-6)). Let n = 284 - x. Suppose -a = -0*a - n. Is a composite?
False
Suppose c + 3*c = 12. Suppose -3*o - t = -157, -2*o + 7*o - 259 = -c*t. Is o a composite number?
False
Let n = -8 - -11. Is 3 + -6 + n - -257 composite?
False
Suppose 12*q - 40 = 7*q. Suppose -3*f - 3*b = -408, 0 = -2*b - 2 + q. Is f composite?
True
Suppose 0*p - 2*p - 222 = 0. Is p*(10/6 + -2) prime?
True
Suppose 3*g - 659 = 1576. Is g a composite number?
True
Let b be 4/(5/((-10)/(-4))). Suppose -f - b*f = 12. Is ((f - -2) + -3)*-3 composite?
True
Suppose 5*l + 5*d - 265 = 0, 0*l + 103 = 2*l + d. Let k = 17 + l. Is k a prime number?
True
Let a(z) = -z**3 + 13*z**2 - 14*z - 8. Let p be a(11). Suppose f + 23 = 2*g, 3*f - p = -4*g - 9. Is g prime?
False
Let h(a) = -3*a + 8*a**3 + 3 + 0 - 2*a**2 + 4*a**2 + 0. Is h(2) composite?
True
Let c = 75 - -26. Suppose -u = -2*n - c, 0*n + n + 2 = 0. Suppose 0*t = t - u. Is t prime?
True
Suppose 2*z + 0*z = 104. Suppose -4*v = z - 236. Is v a prime number?
False
Let z = 3 + -1. Let p be z/1*(-3)/(-2). Let h = 18 - p. Is h a prime number?
False
Suppose c + 4*y - 555 = 0, 2*c + 2*y - 1100 = 4*y. Is c composite?
True
Let j be (-2)/(-7) - 10/35. Suppose 2*i + 78 = 2*u, -5*u + 3*i + j*i = -191. Suppose x = -o + u, o + x = -3*o + 154. Is o prime?
False
Let r(j) = j**2 + 5*j - 3. Let d be r(-6). Is 334 - ((1 - d) + 5) a composite number?
False
Let s(h) = -3*h**3 + 3*h**2 - 2*h - 1. Is s(-12) a prime number?
True
Suppose 2*p = -0*p - 4*d + 1530, -4*p = -3*d - 3049. Is p a prime number?
False
Let j(i) = 2*i**2 - 5*i + 2. Let m be j(3). Suppose m*a - 3*l - 1295 = 0, -259 = -a - 2*l - l. Is a prime?
False
Let i be 2412/16 + 2/8. Let c = -98 + i. Let j = c - -2. Is j a prime number?
False
Suppose 3063 = k + 4*v, 3*k - 3*v - 9958 = -709. Is k prime?
True
Suppose 4*q - g = -0*g + 117, -3*q = -g - 87. Suppose -c - 4*c - 2*d + 15 = 0, -5*c + d + q = 0. Let r(x) = 4*x**2 - 7. Is r(c) prime?
False
Suppose 3*h + 6 - 18 = 0. Suppose -3*n + 4*s = -97, 4*n - h*s - 73 = 55. Is n prime?
True
Let l = 8260 - 5889. Is l prime?
True
Let k = 5 + -6. Is (10/(-8))/(k/68) prime?
False
Suppose -4*g + 17 + 39 = 0. Let v = -8 + g. Is 80/v - 4/(-6) a composite number?
True
Suppose 4*q - g + 29 = 86, 0 = 4*g - 12. Let j = q + 4. Is j a prime number?
True
Suppose 2*h + 10 = 5*n - 0, -2*n - 3*h - 15 = 0. Let t = 3 + n. Suppose 46 + 11 = t*y. Is y composite?
False
Suppose 3*g - 15 - 336 = 0. Let r = -39 - -119. Let d = g - r. Is d p